r(9).
-273
Let b(g) = -473*g - 40599. Calculate b(-85).
-394
Let p(y) = -138*y - 2802. Determine p(-15).
-732
Let x(j) = j**2 - 31*j - 1188. Calculate x(55).
132
Let p(h) = 1683*h**2 + 50510*h + 60. Determine p(-30).
-540
Let m(q) = 9*q**3 + 88*q**2 - 19*q + 55. Give m(-10).
45
Let k(v) = -v**2 + 6130*v + 30673. Calculate k(-5).
-2
Let j(u) = -2*u**3 + u**2 - 298*u - 603. Determine j(-2).
13
Let q(c) = c**2 + 3115*c - 31253. Give q(10).
-3
Let i(j) = -218*j - 100889. Determine i(-463).
45
Let x(o) = o**2 - 38*o - 19366. Give x(160).
154
Let a(z) = 3*z**3 + 3*z**2 - 126*z - 668. Determine a(9).
628
Let i(z) = 606*z + 1838. Determine i(-5).
-1192
Let p(m) = 27601*m + 5630619. What is p(-204)?
15
Let d(q) = 78*q - 334. What is d(-16)?
-1582
Let c(k) = -k**3 - 138*k**2 + 155*k + 2252. Calculate c(-139).
28
Let q(d) = 54*d**3 + d**2 + 24*d + 43. Determine q(-2).
-433
Let n(z) = -z**3 - 8*z**2 + 522*z + 4568. What is n(-9)?
-49
Let q(x) = -9537*x + 1602224. Give q(168).
8
Let f(m) = -2*m**3 + 963*m**2 + 215778*m + 3897. What is f(648)?
9
Let t(c) = 2907*c - 81632. Give t(28).
-236
Let l(u) = -301524*u + 3316777. What is l(11)?
13
Let g(x) = 143*x + 755. What is g(-4)?
183
Let p(y) = -1321*y + 51462. Calculate p(39).
-57
Let x(y) = -1939*y - 178324. Determine x(-92).
64
Let c(o) = -268959*o - 1344792. Give c(-5).
3
Let o(y) = 357*y**2 - 12*y - 21. What is o(-2)?
1431
Let o(a) = -54942*a - 21262547. What is o(-387)?
7
Let t(g) = -g**3 - g**2 + 1060*g + 144. Give t(32).
272
Let q(x) = 233*x + 16481. Determine q(-71).
-62
Let j(h) = 4*h**2 - 1272*h - 17. Give j(0).
-17
Let c(g) = 20*g**2 - 270*g + 142. Give c(13).
12
Let y(d) = 2*d**2 + 154*d + 182. Determine y(10).
1922
Let m(r) = -r**3 - 48*r**2 - 128*r - 3603. Calculate m(-47).
204
Let t(d) = 1273*d + 5095. What is t(-4)?
3
Let k(l) = 719*l + 6709. Calculate k(-12).
-1919
Let d(h) = -h**2 - 1440*h + 45589. Give d(31).
-12
Let v(a) = -11264*a - 236559. Calculate v(-21).
-15
Let x(i) = -i**3 - 2183*i + 11038. What is x(5)?
-2
Let o(x) = 16*x**3 + 16*x**2 - 48*x + 75. Give o(2).
171
Let y(c) = -232*c**2 - 27149*c - 469. Determine y(-117).
116
Let w(a) = -89*a - 8235. Determine w(-88).
-403
Let h(u) = -544*u - 127273. Calculate h(-234).
23
Let u(y) = 27*y**2 + 5248*y - 94730. Determine u(-211).
9
Let k(n) = 457*n + 13856. Determine k(-24).
2888
Let u(z) = -4*z**2 + 1128*z - 4448. What is u(4)?
0
Let z(o) = 275*o + 39978. Calculate z(-144).
378
Let n(t) = -28558*t - 685369. Give n(-24).
23
Let q(l) = 34*l**2 + 232*l - 261. Calculate q(9).
4581
Let n(g) = 2*g**3 + 95*g**2 - 362*g - 253. Determine n(-51).
2
Let k(l) = 905*l**2 - 883*l - 100. Give k(1).
-78
Let q(p) = -3*p**3 - 67*p**2 + 547*p + 496. Give q(7).
13
Let k(y) = -y**2 - 471*y - 45103. Determine k(-336).
257
Let v(z) = z**2 - 880*z + 178717. Give v(318).
1
Let t(u) = 851*u + 12687. What is t(-15)?
-78
Let i(u) = -u**3 + 218*u**2 + 439*u - 156. Give i(220).
-376
Let b(s) = s**3 + 98*s**2 - 5327*s - 662. Determine b(39).
-38
Let m(u) = 2415*u + 96597. What is m(-40)?
-3
Let f(d) = -d**3 - 205*d**2 + 516*d - 22497. Calculate f(-208).
-33
Let l(c) = 82*c**3 + 4*c**2 - 6. Give l(-1).
-84
Let m(s) = -199*s + 28038. Give m(141).
-21
Let r(m) = m**3 + 37*m**2 + 226*m + 73. Determine r(-11).
733
Let l(v) = 5*v**3 - 1660*v**2 + 4932*v + 335. Give l(329).
-652
Let u(y) = -260*y - 1658. Give u(-6).
-98
Let z(h) = -2*h**3 - 280*h**2 - 1609*h + 188. Give z(-134).
322
Let t(p) = 26*p**2 + 769*p - 131. Determine t(-30).
199
Let a(z) = -z**3 - 293*z**2 - 2545*z + 3118. Determine a(-284).
-6
Let a(f) = -633*f - 179132. Calculate a(-283).
7
Let u(p) = -362*p + 14120. Calculate u(39).
2
Let j(v) = v**3 - 271*v**2 + 486*v + 13986. Determine j(269).
-2
Let w(a) = 3*a**3 + 274*a**2 - 1480*a + 169. Calculate w(5).
-6
Let l(d) = -25*d**3 - 278*d**2 - 283*d - 34. Determine l(-10).
-4
Let y(k) = 786*k - 33809. Determine y(43).
-11
Let q(l) = 33237*l - 299138. What is q(9)?
-5
Let c(r) = -533*r**2 + 5580*r - 10528. What is c(8)?
0
Let q(w) = 7*w**2 + 11*w - 192. What is q(-6)?
-6
Let v(w) = 10*w**2 + 353*w + 2656. Calculate v(-11).
-17
Let z(k) = -1434*k - 3368. Calculate z(-2).
-500
Let h(p) = -5098925*p + 20395705. Determine h(4).
5
Let w(c) = -2003*c + 1578. Calculate w(2).
-2428
Let p(n) = -809*n - 229028. Calculate p(-283).
-81
Let f(m) = m**3 + 14*m**2 + 48*m - 53. Give f(6).
955
Let t(k) = -k**3 - 65*k**2 + 1272*k + 88075. Calculate t(-63).
1
Let z(w) = -2591*w + 2487. Give z(1).
-104
Let x(j) = -414*j**2 + 19427*j - 50. Give x(47).
-1507
Let a(x) = 519*x**2 - 317*x - 317. Determine a(-1).
519
Let h(b) = b**3 - 8*b**2 - 144*b + 1909. What is h(15)?
1324
Let g(c) = 18*c**3 - 8*c**2 - 382*c + 1142. Give g(3).
410
Let s(q) = 178*q**2 - 306*q + 4. Calculate s(2).
104
Let n(o) = 40*o + 3292. Calculate n(-50).
1292
Let z(k) = -5*k**2 - 1878*k - 9320. Determine z(-5).
-55
Let y(a) = a**3 + 14*a**2 - 398*a - 2920. Calculate y(-7).
209
Let u(x) = 10782*x - 64765. Give u(6).
-73
Let f(c) = c**3 - 3*c**2 - 701*c - 3209. Give f(-5).
96
Let k(p) = 222*p + 12971. What is k(-49)?
2093
Let h(k) = -3874*k - 743802. What is h(-192)?
6
Let m(h) = 5*h**3 - 26*h**2 - 11*h - 17. Give m(6).
61
Let w(s) = 18892*s - 151182. Determine w(8).
-46
Let o(h) = 3*h**2 - 253604*h - 760820. Give o(-3).
19
Let f(c) = -c**3 + 68*c**2 + 71*c + 5091. Give f(70).
261
Let w(j) = 852*j - 2574. What is w(3)?
-18
Let s(u) = -u**3 + 75*u**2 + 264*u - 30030. What is s(73)?
-100
Let u(g) = -60*g**2 - 232*g - 674. Calculate u(-3).
-518
Let o(i) = -109330*i + 1749316. Determine o(16).
36
Let t(d) = d**3 - 73*d**2 - 542*d + 11752. What is t(78)?
-104
Let l(w) = -8*w**2 - 469*w - 1344. Determine l(-3).
-9
Let a(g) = 6094*g + 1048175. Give a(-172).
7
Let g(k) = k**3 + 16*k**2 - 811*k - 5097. Calculate g(-35).
13
Let t(s) = 12125*s - 400869. Give t(33).
-744
Let q(w) = -50*w**2 - 1272*w - 348. What is q(-25)?
202
Let q(m) = 20283*m - 2205. Calculate q(0).
-2205
Let q(a) = -a**3 - 33*a**2 - 936*a - 27091. Give q(-31).
3
Let k(r) = 18*r**3 + 3166*r**2 - 345*r + 1215. What is k(-176)?
-17
Let d(x) = 2408*x + 139660. Determine d(-58).
-4
Let i(b) = 43*b**2 - 3229*b - 3226. What is i(-1)?
46
Let y(f) = 319*f + 7713. Give y(-24).
57
Let d(m) = -m**2 - 639*m - 6293. Determine d(-10).
-3
Let p(t) = 11211*t - 1188370. Determine p(106).
-4
Let d(i) = -i**2 - 1327*i - 84437. Determine d(-67).
-17
Let f(t) = 75*t**2 - 240*t + 49. Give f(3).
4
Let k(w) = 164*w**3 - 498*w**2 + 2. What is k(3)?
-52
Let p(j) = 3*j**3 - 71*j**2 + 48*j - 21. Determine p(23).
25
Let y(k) = 2*k**3 - 21*k**2 + 256*k - 3411. Give y(14).
1545
Let h(x) = x**3 - 51*x**2 + 118*x - 1306. What is h(49)?
-326
Let t(y) = -y**3 - 18*y**2 + 21*y + 314. Determine t(-18).
-64
Let i(s) = s**2 + 2214*s - 610571. Give i(248).
5
Let r(p) = -19584*p + 19101. Give r(1).
-483
Let w(v) = -7*v**2 + 143*v + 288. Calculate w(-2).
-26
Let v(l) = l**3 - 46*l**2 - 302*l + 5963. Give v(49).
-1632
Let g(u) = -2*u**2 + 2189*u + 1848599. What is g(-559)?
-14
Let j(w) = 6*w**2 + 387*w + 5342. What is j(-20)?
2
Let p(b) = -7*b**3 - 3353*b**2 + 5*b + 2425. Give p(-479).
30
Let p(v) = v**2 + 18*v - 1000. What is p(55)?
3015
Let a(n) = -n**3 + 4*n**2 + 160*n + 52. Calculate a(14).
332
Let u(g) = 4*g**3 - 84*g**2 + 385*g + 11. What is u(8)?
-237
Let k(x) = -487*x**3 + 3*x**2 - 13*x - 13. What is k(-1)?
490
Let z(q) = 12*q**3 - 25*q**2 + 165*q - 332. What is z(2)?
-6
Let y(g) = -2*g**2 - 6175*g + 454943. Give y(72).
-25
Let t(g) = 2*g**3 - 75*g**2 + 339*g + 376. Give t(32).
-40
Let q(h) = -13*h**2 - 87*h - 62. Give q(-5).
48
Let h(z) = 81335*z - 2928092. Give h(36).
-32
Let l(d) = -759*d + 34905. Determine l(46).
-9
Let s(a) = -3*a**3 - 99*a**2 + 4852*a + 59. Give s(27).
-157
Let r(u) = u**3 - 7*u**2 + 814*u - 7491. What is r(9)?
-3
Let u(y) = -16*y**3 + 3111*y**2 - 1366*y + 1565. What is u(194)?
13
Let d(c) = -661*c**2 - 75*c + 3. What is d(-1)?
-583
Let c(o) = 3*o**3 - 49*o**2 - 377*o + 65. Calculate c(22).
-1
Let m(d) = 2*d**3 + 73*d**2 - 27*d - 4626. Calculate m(-35).
-6
Let o(f) = 144*f + 10225. Determine o(-71).
1
Let g(t) = 5*t**3 - 5*t**2 - 172*t + 163. What is g(6)?
31
Let f(j) = 1747*j - 10592. Give f(6).
-110
Let z(l) = -3*l**3 + 9*l**2 + 47*l - 306. What is z(7)?
-565
Let c(k